x(r) = r**2 + 5*r - 1. Let z be x(-6). Let d be u(z). Let f(m) = -m**3 + 5*m**2 - 5*m + 4. Calculate f(d).
7
Let l(j) = 4*j + 1. Suppose -5*z + 6 = c, -z = 2*c + 2*z - 5. Give l(c).
5
Suppose 0 = -0*j - 5*j - 4*h + 38, 3*h - 6 = 0. Let f(l) = 22 - 1 - 11 - 2*l + l - 5. Determine f(j).
-1
Suppose 2*h = 3*w + 13, -4*h + 0*w - 9 = w. Let g(d) = 2*d - 5. Let f(q) = -1. Let c(x) = h*f(x) + g(x). Determine c(3).
2
Let h(z) = 9*z + 29. Let s(l) = -5*l - 15. Let y(t) = 4*h(t) + 7*s(t). Let i be y(-5). Let x be i/(-9) + 2/3. Let r(o) = o**3 + 9. What is r(x)?
9
Let c(s) = -2*s**2 - 33*s + 11. Let b be c(-17). Let j(w) = w**2 + 7*w + 7. What is j(b)?
1
Let o(c) = 2*c**2 - 4*c + c**3 + 5*c + 0*c**3. Suppose -2 = 4*p - 2*p. Determine o(p).
0
Let m(j) = -j**2 + 4*j + 3. Let t be m(3). Let a(i) = i**3 - 5*i**2 - 4*i + 6. Give a(t).
18
Let n be ((-5)/2 + 2)*0. Let x be n/(4/(2/1)). Let b(s) = -3 + 6*s + x*s**3 + 4*s**2 - 3*s + s**3. Calculate b(-3).
-3
Let v(h) = -3*h - 1. Let m(x) = x + 1. Let s(d) = d**2 - 7*d + 9. Let o be s(6). Suppose o = -3*i - 3. Let p be m(i). Give v(p).
2
Let d(k) = -k + 9. Let r be d(4). Let n(w) = 6*w + 9. Let m(g) = -9*g - 14. Let l(b) = r*m(b) + 8*n(b). Give l(-2).
-4
Suppose 3*k = 2*c + 4, 2*c = -3*k + 1 + 7. Let d(p) = p**2 + p - 1. Let x(q) = -6*q + 5. Let w(z) = -6*d(z) - x(z). Determine w(c).
-5
Suppose -5 = -4*x - 1. Let s(u) = -12*u**2 - u - 3. Let g(t) = -25*t**2 - 2*t - 7. Let r(i) = 3*g(i) - 7*s(i). Calculate r(x).
10
Let d(m) = 3*m**2 - m - 1. Let g be d(-1). Let l(z) = 4*z**2 + 3*z + 4. Let y(f) = 7*f**2 + 5*f + 7. Let h(a) = -5*l(a) + 3*y(a). Give h(g).
10
Let h be (10 + -10)/(-2 - -4). Let r(q) = q**2 + 2. What is r(h)?
2
Let z be ((-2)/(-3))/(2/18). Let d(w) = 2 - 2 - w**2 + z*w - 5. Give d(5).
0
Let x = 2 + -2. Let m(y) be the third derivative of 0*y - 1/60*y**5 + 0 + 1/120*y**6 + 1/24*y**4 - 3/2*y**3 - 2*y**2. Determine m(x).
-9
Let a(u) = -2*u**3 + 2*u**2 + u + 2. Suppose -19 = -b + 3*n, 5*n - n = -20. Suppose 4*d + 4*q = 12, 3*q + 2 = b*d - 3. Determine a(d).
-4
Suppose 2*t + 13 = g, 2*g + 8 + 20 = -5*t. Let p(q) = -q - 1. What is p(t)?
5
Suppose 0*j = -5*j + 25. Let x = 8 - j. Suppose -3*m - 9 = x. Let v(h) = h**2 + 5*h + 1. What is v(m)?
-3
Suppose -3*l = -5*l - 8. Let c(k) = -k**3 - 5*k**2 - 3*k + 3. Determine c(l).
-1
Let t(u) = u + 9. Let d(q) = 2*q + 3. Let f be d(-5). Let y be t(f). Let i(g) = -g + 2*g + 3*g**y + 2*g**2. Determine i(-1).
4
Let a(f) = f - 8. Let d be a(8). Suppose s + d = 1. Let t(c) = 13*c**2. What is t(s)?
13
Suppose 10*p - 5*p = -25. Let o(c) = -2*c**2 - 4*c**2 - c**3 + 7*c + 2*c**2 - 2*c. What is o(p)?
0
Let x be (-19)/(-5) + 23/115. Let t(f) = f**2 - 4*f - 5. Calculate t(x).
-5
Let z(k) = -k**2 + 2*k - 3. Suppose -p + 7 = -0. Suppose x - p + 3 = 0. Calculate z(x).
-11
Let n(u) = -u - 4. Let d be n(-4). Let h(o) = 3 + d + 2*o**2 + 5*o**2 + 5*o - 6*o**2. Give h(-5).
3
Let o(i) = 3 + 3*i**2 - 2 + 3*i - 4*i. Let c = 1 - 0. Give o(c).
3
Suppose 4*l = r + 21, 24 = -2*r - 2*r + 4*l. Let f be 0*(r - 6/(-4)). Let v(q) = q - 6. Determine v(f).
-6
Let g(p) = p**2 + p - 5. Suppose -3*y = 5*i + 23, 0 = -4*i + 2*y - 15 + 1. Give g(i).
7
Let b = -4 - -5. Let l(x) be the first derivative of -1/2*x**2 - x - b + 5/4*x**4 + 1/3*x**3. Determine l(-1).
-4
Let f = 9 - 6. Let o(n) = 0*n**2 + n**2 + 17 - f*n + 4*n. What is o(0)?
17
Let q = 4 - 7. Let v be q*(2 - 24/9). Let g(k) = 0*k**2 - 3*k - 4*k + k**v. What is g(5)?
-10
Let l = -6 + 10. Let n(b) = b - 8. What is n(l)?
-4
Let m(q) be the second derivative of -q**4/12 + q**3 - 2*q**2 + 3*q. Let d be m(4). Let z(f) = f**3 - 4*f**2 + f - 4. Determine z(d).
0
Let u(y) = 41*y - 3 + 41*y + 2 - 81*y. Calculate u(3).
2
Let f(w) = w**2 + 8*w + 7. Suppose -61 = -s + 4*s - 5*y, 0 = 5*s - 5*y + 85. Let t = s + 5. Give f(t).
0
Let l(q) = 0*q**3 + 0*q**2 + 2*q + q**3 + 3*q**2 - 7*q**2. Give l(3).
-3
Let t(o) be the first derivative of -o**4/4 - o**3/3 - o**2/2 - 9*o + 29. What is t(0)?
-9
Let n(q) = q**2 - 3*q - 2. Let j be 1/1*(-6)/(-2). Let t be n(j). Let c(u) = -3*u - 3. Determine c(t).
3
Let n(w) be the first derivative of -w**3/3 - 2*w**2 - 4*w - 3. Suppose -4*l - g - 19 = 0, 3*l + 7 - 4 = -3*g. Let q = l - -1. What is n(q)?
-9
Let v = -6 - -2. Let z(m) = m**3 + 5*m**2 + 3*m + 3. Give z(v).
7
Let a(q) = q**3 - 6*q**2 + 2*q + 1. Suppose -6 = -3*n + 3*p, -4*p + 2*p + 16 = 2*n. Calculate a(n).
-14
Let c = -2 + 3. Let x(t) = -4*t**3 - 118 - 2*t**2 + 119 - 3*t**3. Determine x(c).
-8
Let t be 4 - (0 + 3 + -1). Suppose 0*a - a = -2. Let o(i) = -i - i + t*i + a*i. Give o(-4).
-8
Let z(l) be the second derivative of -l**4/12 - 7*l**3/6 - 3*l**2 + 5*l. Calculate z(-4).
6
Let g(f) = f**3 + 3*f**2 - 2. Let a be g(-2). Let m(d) be the third derivative of 1/24*d**4 - 2*d**a + 0 + 0*d + 4/3*d**3. What is m(-5)?
3
Let g(l) be the first derivative of l**4/4 - l**3 + 3*l - 4. Suppose 4*j - 10 - 2 = 0. Determine g(j).
3
Let v be (-1 - 1*-1)*-1. Suppose 5*a - 7 = 2*g, -3*a - 3*g = -0*a. Let f(s) = -2*s**2 + 3*s**2 - s + 0*s**2 + a. Give f(v).
1
Let n(p) be the third derivative of p**6/360 - p**5/24 - p**4/24 - p**3 + 8*p**2. Let x(o) be the first derivative of n(o). Determine x(5).
-1
Let j(g) be the first derivative of -g**3 + g + 4. Suppose -3*s + 1 = -a, 2*a = -2*a + s - 4. Let b be j(a). Let k(t) = -3*t + 2. Calculate k(b).
8
Let h(z) = 2*z**2 + 4*z + 3. Let b be 8/6*(-9)/6. Determine h(b).
3
Let g(k) = -k**3 - 2*k**2 + 2. Suppose -5*h - 31 = 3*b, 4*b + h = 2*b - 9. Determine g(b).
2
Suppose 0 = j - 6 - 3. Let i(x) = -5*x + j + x**2 + 0*x + 0*x - 3*x. Calculate i(6).
-3
Let q(a) = -2*a**2 + 14*a + 11. Let o(m) = m**2 - 7*m - 5. Let t(d) = -9*o(d) - 4*q(d). Calculate t(5).
11
Let d(q) be the first derivative of -7*q**4/4 - q**2 + q + 4. Determine d(1).
-8
Suppose -b = -28 + 34. Let u(j) = -j**3 - 6*j**2 + 2*j + 7. Calculate u(b).
-5
Suppose 3*g - n - 10 = -0*g, -5*n = 2*g + 16. Suppose -4*c - 15 = -9*c + g*l, -3*c = -l - 9. Let m(t) = t**3 - 2*t**2 - 3*t - 2. What is m(c)?
-2
Let o(v) = -v**2 - 4 - 4*v - 2 - 4 + 5. Let b(x) = 2*x**2 + x - 4. Let i be b(0). Determine o(i).
-5
Let b(p) = -p**2 - 3*p - 1. Let h be b(-1). Let j(d) be the second derivative of 0*d**2 + 0 + 1/6*d**3 + 2*d - 1/12*d**4. Give j(h).
0
Let u = 4 + -9. Let h(f) = 4*f - 3. Let p(c) = 17*c - 13. Let w(m) = -9*m + 7. Let i(z) = 4*p(z) + 7*w(z). Let b(a) = 6*h(a) - 5*i(a). Determine b(u).
2
Suppose 3*a = 4 - 16. Let n(i) = i + 13. Let t be n(-10). Let s(z) = 4*z + 5*z**2 + 2*z**3 + 0*z**t - 4 - z**3. What is s(a)?
-4
Let y(r) = -r**3 + 6*r**2 - 7*r + 1. Let a(n) = -n**3 + 10*n**2 - 2*n - 6. Let i be a(10). Let b be 268/52 + 4/i. Determine y(b).
-9
Let p(k) = -2*k**3 + 2*k**2 + 1. Let q be p(2). Let u be 2/4 - q/(-2). Let i(r) = 2*r**2 - r**2 - 5*r - 5 - 3*r**2 + 1. Calculate i(u).
-7
Suppose 0 = 2*t - 6*t + 8. Let q(m) = -t*m + m - m + m**2 - 1. Let o be ((-8)/10)/((-2)/10). Calculate q(o).
7
Suppose -3*n + 4 = -4*n. Let g be (-1)/5 + (-44)/(-20). Let i(h) = 2*h**2 + 6 + 7*h - 5*h**g - h**3 + 0*h. Calculate i(n).
-6
Suppose 0 = 4*p + 4 - 0. Let u(q) = q. Let v(m) = 3*m**3 + 2*m**2 + 5*m. Let l(f) = 4*u(f) - v(f). What is l(p)?
2
Let c be (-8)/(-1)*(9 + -10). Let o(h) = h**3 + 8*h**2 + 2*h + 11. Determine o(c).
-5
Let y(r) = -5*r**2 - 4*r + 0*r - r**3 - 5 + 0*r**2 + 1. What is y(-4)?
-4
Let d = -23 + 32. Let j = -5 + d. Let c = j + -2. Let p(y) = y**3 - 2*y**2 - y. Determine p(c).
-2
Let u(t) be the third derivative of -t**6/120 - t**5/60 + t**3/6 + 43*t**2 + 2*t. Let s be 4/10 + 7/(-5). What is u(s)?
1
Suppose -w + 2 = 2*r, w + 10 = 5*r - r. Let n(h) = -2*h**3 - 4*h**2 - 3 - 5*h + h**3 - h**r. Determine n(-4).
1
Let v(g) = g - 11. Let f be v(5). Let x(p) = -p**2 - 4*p + 8. Let l = 17 + 0. Let i(h) = 3*h**2 + 12*h - 24. Let b(w) = l*x(w) + 6*i(w). Give b(f).
4
Let k(s) = s - 2. Let d(p) = -7*p + 1. Let a(y) = -d(y) - k(y). Determine a(1).
7
Let n(h) = -h**2. Let d(k) = 5*k**2 - 3*k + 1. Let o(t) = d(t) + 4*n(t). Give o(4).
5
Let y(b) = -b**3 - 1. Let o be 2 - (2 - 1 - -2). Let f be (2/(-6))/(o/(-6)). What is y(f)?
7
Let j = 3 + -3. Let s(k) = -3 + 0*k**2 - 4*k**2 + 7 + 3*k**2. What is s(j)?
4
Let r(v) = -v**2 + 12*v - 15. Let n = -26 + 36. Determine r(n).
5
Let k(h) = 3*h**2 + 3*h - h**2 + 2 - 5. Let p be (3